{"id":672,"date":"2020-02-09T20:20:39","date_gmt":"2020-02-09T19:20:39","guid":{"rendered":"http:\/\/cpcs.international\/?page_id=672"},"modified":"2020-02-09T20:57:59","modified_gmt":"2020-02-09T19:57:59","slug":"geschichte-und-struktur","status":"publish","type":"page","link":"https:\/\/cpcs.international\/index.php\/geschichte-und-struktur\/","title":{"rendered":"Geschichte und Struktur"},"content":{"rendered":"\n<p>CPCS wurde 2002 gegr\u00fcndet, um die\nBed\u00fcrfnisse der Kinder auf den Stra\u00dfen Nepals zu befriedigen. Jedes Jahr verlassen Hunderte von Kindern,\nHunderte von Kindern, die von der Faszination der \u201egro\u00dfen Stadt\u201c angezogen\nwerden, ihre D\u00f6rfer. Dort entdecken sie die harten Realit\u00e4ten des Lebens auf\nder Stra\u00dfe und sind mehreren Formen von Gefahr und Missbrauch (moralisch,\nsexuell und physisch) ausgesetzt.<\/p>\n\n\n\n<p>CPCS wurde geschaffen, um diese Kinder und\nJugendlichen zu unterst\u00fctzen und um zu verhindern, dass mehr Kinder auf die\nStra\u00dfe kommen. Zun\u00e4chst konzentrierte sich CPCS International nur auf Nepal und\nentwickelt nun Arbeitspartnerschaften mit verschiedenen Netzwerken und NGOs auf\nder ganzen Welt.<\/p>\n\n\n\n<p>Die Arbeit der Organisation kann in drei Schritte\nunterteilt werden:<\/p>\n\n\n\n<p>1.<strong> Pr\u00e4vention <\/strong>(vor und w\u00e4hrend des Stra\u00dfenlebens): Reihe von Interventionen mit zwei Schwerpunkten:<\/p>\n\n\n\n<p>&#8211; die Ankunft des Kindes auf der Stra\u00dfe\nverhindern und nach M\u00f6glichkeit vermeiden<\/p>\n\n\n\n<p>&#8211; die \u00d6ffentlichkeit, die Familien und die Kinder\nselbst f\u00fcr die Realit\u00e4t des Stra\u00dfenlebens sensibilisieren (Ursachen,\nAlltagsabl\u00e4ufe und Konsequenzen).<\/p>\n\n\n\n<p>2<strong>. Risikominderung<\/strong> (w\u00e4hrend des Lebens auf der Stra\u00dfe): Kurzfristige Perspektive mit Schwerpunkt auf der unmittelbaren Verringerung der Gefahren des Stra\u00dfenlebens.<\/p>\n\n\n\n<p>3. <strong>Soziale Rehabilitation <\/strong>(nach dem Leben auf der Stra\u00dfe): langfristige Perspektive mit Schwerpunkt auf der schrittweisen und eventuellen Wiedereingliederung eines Kindes in die Gesellschaft.<\/p>\n","protected":false},"excerpt":{"rendered":"<p>CPCS wurde 2002 gegr\u00fcndet, um die Bed\u00fcrfnisse der Kinder auf den Stra\u00dfen Nepals zu befriedigen. Jedes Jahr verlassen Hunderte von Kindern, Hunderte von Kindern, die von der Faszination der \u201egro\u00dfen Stadt\u201c angezogen werden, ihre D\u00f6rfer. Dort entdecken sie die harten Realit\u00e4ten des Lebens auf der Stra\u00dfe und sind mehreren Formen von Gefahr und Missbrauch (moralisch,[&hellip;]<\/p>\n","protected":false},"author":1,"featured_media":0,"parent":0,"menu_order":0,"comment_status":"closed","ping_status":"closed","template":"","meta":{"zakra_general_container_width":0,"zakra_general_content_width":0,"zakra_general_sidebar_width":0,"zakra_sticky_header":"customizer","zakra_header_main_area":true,"zakra_site_logo_width":0,"zakra_header_top_enabled":"customizer","zakra_header_top_style":"customizer","zakra_primary_menu_item_style":"customizer","zakra_page_header_text_color":"","zakra_page_header_layout":"customizer","zakra_page_title_bg":"","zakra_footer_widgets_bg_image":0,"zakra_page_title_bg_repeat":"customizer","zakra_page_title_bg_position":"customizer","zakra_page_title_bg_size":"customizer","zakra_page_title_bg_attachment":"customizer","zakra_breadcrumbs_enabled":"customizer","zakra_breadcrumbs_text_color":"","zakra_breadcrumbs_separator_color":"","zakra_breadcrumbs_link_color":"","zakra_breadcrumbs_link_hover_color":"","zakra_page_title_bg_image":0,"zakra_footer_widgets_enabled":"customizer","zakra_footer_column_layout_1_style":"customizer","zakra_footer_widgets_bg":"","zakra_footer_widgets_bg_repeat":"customizer","zakra_footer_widgets_bg_position":"customizer","zakra_footer_widgets_bg_size":"customizer","zakra_footer_widgets_bg_attachment":"customizer","zakra_footer_bar_enabled":"customizer","zakra_footer_bar_style":"customizer","zakra_sidebar_layout":"customizer","zakra_remove_content_margin":false,"zakra_sidebar":"customizer","zakra_transparent_header":"customizer","zakra_logo":0,"zakra_main_header_style":"default","zakra_menu_item_color":"","zakra_menu_item_hover_color":"","zakra_menu_item_active_color":"","zakra_menu_active_style":"","zakra_page_header":true,"_monsterinsights_skip_tracking":false,"_monsterinsights_sitenote_active":false,"_monsterinsights_sitenote_note":"","_monsterinsights_sitenote_category":0,"footnotes":""},"class_list":["post-672","page","type-page","status-publish","hentry"],"_links":{"self":[{"href":"https:\/\/cpcs.international\/index.php\/wp-json\/wp\/v2\/pages\/672","targetHints":{"allow":["GET"]}}],"collection":[{"href":"https:\/\/cpcs.international\/index.php\/wp-json\/wp\/v2\/pages"}],"about":[{"href":"https:\/\/cpcs.international\/index.php\/wp-json\/wp\/v2\/types\/page"}],"author":[{"embeddable":true,"href":"https:\/\/cpcs.international\/index.php\/wp-json\/wp\/v2\/users\/1"}],"replies":[{"embeddable":true,"href":"https:\/\/cpcs.international\/index.php\/wp-json\/wp\/v2\/comments?post=672"}],"version-history":[{"count":2,"href":"https:\/\/cpcs.international\/index.php\/wp-json\/wp\/v2\/pages\/672\/revisions"}],"predecessor-version":[{"id":706,"href":"https:\/\/cpcs.international\/index.php\/wp-json\/wp\/v2\/pages\/672\/revisions\/706"}],"wp:attachment":[{"href":"https:\/\/cpcs.international\/index.php\/wp-json\/wp\/v2\/media?parent=672"}],"curies":[{"name":"wp","href":"https:\/\/api.w.org\/{rel}","templated":true}]}}