{"id":473,"date":"2020-01-08T19:04:19","date_gmt":"2020-01-08T18:04:19","guid":{"rendered":"http:\/\/cpcs.international\/?page_id=473"},"modified":"2026-02-08T18:09:02","modified_gmt":"2026-02-08T17:09:02","slug":"cpcs-international-2","status":"publish","type":"page","link":"https:\/\/cpcs.international\/","title":{"rendered":"Accueil"},"content":{"rendered":"\t\t<div data-elementor-type=\"wp-page\" data-elementor-id=\"473\" class=\"elementor elementor-473\">\n\t\t\t\t<div class=\"elementor-element elementor-element-1740f2b e-flex e-con-boxed e-con e-parent\" data-id=\"1740f2b\" data-element_type=\"container\">\n\t\t\t\t\t<div class=\"e-con-inner\">\n\t\t\t\t<div class=\"elementor-element elementor-element-61204c8 elementor-widget elementor-widget-heading\" data-id=\"61204c8\" data-element_type=\"widget\" data-widget_type=\"heading.default\">\n\t\t\t\t\t<h2 class=\"elementor-heading-title elementor-size-default\">QUI SOMMES-NOUS ?<\/h2>\t\t\t\t<\/div>\n\t\t\t\t<div class=\"elementor-element elementor-element-899f57d elementor-widget elementor-widget-text-editor\" data-id=\"899f57d\" data-element_type=\"widget\" data-widget_type=\"text-editor.default\">\n\t\t\t\t\t\t\t\t\t<p>CPCS International coordonne l\u2019<b>Alliance CPCS<\/b>, un <b>r\u00e9seau mondial d\u2019organisations engag\u00e9es aupr\u00e8s des enfants et des jeunes en situations de rue et \u00e0 risques<\/b>. Pr\u00e9sente principalement au N\u00e9pal, au Rwanda, au Burundi et en Belgique, et active ponctuellement dans d\u2019autres contextes comme l\u2019Ukraine, le Timor et la RDC, l\u2019Alliance, ainsi que CPCS International, agissent pour prot\u00e9ger, accompagner et autonomiser les enfants les plus vuln\u00e9rables, dans le respect absolu de leurs droits et de leur dignit\u00e9.<\/p>\t\t\t\t\t\t\t\t<\/div>\n\t\t\t\t<div class=\"elementor-element elementor-element-a0cd35e elementor-widget-divider--view-line elementor-widget elementor-widget-divider\" data-id=\"a0cd35e\" data-element_type=\"widget\" data-widget_type=\"divider.default\">\n\t\t\t\t\t\t\t<div class=\"elementor-divider\">\n\t\t\t<span class=\"elementor-divider-separator\">\n\t\t\t\t\t\t<\/span>\n\t\t<\/div>\n\t\t\t\t\t\t<\/div>\n\t\t\t\t\t<\/div>\n\t\t\t\t<\/div>\n\t\t<div class=\"elementor-element elementor-element-700adc8a e-con-full e-flex e-con e-parent\" data-id=\"700adc8a\" data-element_type=\"container\">\n\t\t\t\t<div class=\"elementor-element elementor-element-c2b7bd6 elementor-view-stacked elementor-shape-circle elementor-position-top elementor-mobile-position-top elementor-widget elementor-widget-icon-box\" data-id=\"c2b7bd6\" data-element_type=\"widget\" data-widget_type=\"icon-box.default\">\n\t\t\t\t\t\t\t<div class=\"elementor-icon-box-wrapper\">\n\n\t\t\t\t\t\t<div class=\"elementor-icon-box-icon\">\n\t\t\t\t<span  class=\"elementor-icon\">\n\t\t\t\t<svg aria-hidden=\"true\" class=\"e-font-icon-svg e-fas-child\" viewBox=\"0 0 384 512\" xmlns=\"http:\/\/www.w3.org\/2000\/svg\"><path d=\"M120 72c0-39.765 32.235-72 72-72s72 32.235 72 72c0 39.764-32.235 72-72 72s-72-32.236-72-72zm254.627 1.373c-12.496-12.497-32.758-12.497-45.254 0L242.745 160H141.254L54.627 73.373c-12.496-12.497-32.758-12.497-45.254 0-12.497 12.497-12.497 32.758 0 45.255L104 213.254V480c0 17.673 14.327 32 32 32h16c17.673 0 32-14.327 32-32V368h16v112c0 17.673 14.327 32 32 32h16c17.673 0 32-14.327 32-32V213.254l94.627-94.627c12.497-12.497 12.497-32.757 0-45.254z\"><\/path><\/svg>\t\t\t\t<\/span>\n\t\t\t<\/div>\n\t\t\t\n\t\t\t\t\t\t<div class=\"elementor-icon-box-content\">\n\n\t\t\t\t\t\t\t\t\t<h3 class=\"elementor-icon-box-title\">\n\t\t\t\t\t\t<span  >\n\t\t\t\t\t\t\tAu c\u0153ur de notre action\t\t\t\t\t\t<\/span>\n\t\t\t\t\t<\/h3>\n\t\t\t\t\n\t\t\t\t\t\t\t\t\t<p class=\"elementor-icon-box-description\">\n\t\t\t\t\t\t<span style=\"font-size: 14px\">Notre action s\u2019appuie sur la <b>Convention relative aux droits de l\u2019enfant<\/b>, sur l\u2019<b>Observation g\u00e9n\u00e9rale <\/b>n\u00b021 (2017) consacr\u00e9e aux enfants en situations de rue, ainsi que sur les Objectifs de d\u00e9veloppement durable. Partout, nous d\u00e9fendons une vision profond\u00e9ment humaine : chaque enfant, chaque jeune est un acteur social, capable de comprendre, de choisir, de r\u00eaver et de se projeter, m\u00eame lorsque la rue ou son v\u00e9cu semble lui avoir tout pris.&nbsp;<\/span><br><br><span style=\"font-size: 14px\">Notre approche repose sur une lecture interactionniste des r\u00e9alit\u00e9s de la rue et des situations \u00e0 risques. Inspir\u00e9s par les travaux du Pr Daniel Stoecklin et de feu Riccardo Lucchini, nous cherchons \u00e0 comprendre comment les enfants et les jeunes n\u00e9gocient leur identit\u00e9, r\u00e9sistent aux violences, d\u00e9veloppent des strat\u00e9gies de survie et construisent des attentes pour l\u2019avenir. Cette compr\u00e9hension fine guide des interventions respectueuses, r\u00e9alistes et centr\u00e9es sur le meilleur int\u00e9r\u00eat de l\u2019enfant.<\/span>\t\t\t\t\t<\/p>\n\t\t\t\t\n\t\t\t<\/div>\n\t\t\t\n\t\t<\/div>\n\t\t\t\t\t\t<\/div>\n\t\t\t\t<\/div>\n\t\t<div class=\"elementor-element elementor-element-bb81def e-flex e-con-boxed e-con e-parent\" data-id=\"bb81def\" data-element_type=\"container\">\n\t\t\t\t\t<div class=\"e-con-inner\">\n\t\t\t\t<div class=\"elementor-element elementor-element-55a5cc6 elementor-widget-divider--view-line elementor-widget elementor-widget-divider\" data-id=\"55a5cc6\" data-element_type=\"widget\" data-widget_type=\"divider.default\">\n\t\t\t\t\t\t\t<div class=\"elementor-divider\">\n\t\t\t<span class=\"elementor-divider-separator\">\n\t\t\t\t\t\t<\/span>\n\t\t<\/div>\n\t\t\t\t\t\t<\/div>\n\t\t\t\t<div class=\"elementor-element elementor-element-fee4eac elementor-widget elementor-widget-heading\" data-id=\"fee4eac\" data-element_type=\"widget\" data-widget_type=\"heading.default\">\n\t\t\t\t\t<h2 class=\"elementor-heading-title elementor-size-default\">NOS TROIS PILIERS <\/h2>\t\t\t\t<\/div>\n\t\t\t\t<div class=\"elementor-element elementor-element-62c5a29 elementor-widget elementor-widget-text-editor\" data-id=\"62c5a29\" data-element_type=\"widget\" data-widget_type=\"text-editor.default\">\n\t\t\t\t\t\t\t\t\t<p>Les actions de l\u2019Alliance et de CPCS International sont toujours localement ancr\u00e9es et internationalement coh\u00e9rentes. Elles s\u2019articulent autour de <b>trois niveaux d\u2019intervention compl\u00e9mentaires<\/b>, mis en \u0153uvre de mani\u00e8re progressive et adapt\u00e9e selon les besoins contextuels, les r\u00e9alit\u00e9s locales et les financements disponibles dans chaque pays d\u2019action.<\/p>\t\t\t\t\t\t\t\t<\/div>\n\t\t\t\t\t<\/div>\n\t\t\t\t<\/div>\n\t\t<div class=\"elementor-element elementor-element-b170acd e-flex e-con-boxed e-con e-parent\" data-id=\"b170acd\" data-element_type=\"container\">\n\t\t\t\t\t<div class=\"e-con-inner\">\n\t\t\t\t<div class=\"elementor-element elementor-element-47466be ec-accordion elementor-widget elementor-widget-elementor-companion-accordion-toggle\" data-id=\"47466be\" data-element_type=\"widget\" data-widget_type=\"elementor-companion-accordion-toggle.default\">\n\t\t\t\t<div class=\"elementor-widget-container\">\n\t\t\t\t\t\n\t\t<div class=\"ec-at-wrapper ec-at__style-2\">\n\t\t\t\t\t\t\t<div class=\"ec-at-item ec-active\">\n\t\t\t\t\t<div id=\"ec-tab-title-5691\" class=\"ec-tab-title\" aria-controls=\"ec-tab-content-5691\">\n\t\t\t\t\t\t\t\t\t\t\t\t\t<span class=\"ec-at-icon ec-at-icon--\">\n\t\t\t\t\t\t\t\t<span class=\"ec-icon-close\">\n\t\t\t\t\t\t\t\t\t<svg class=\"e-font-icon-svg e-fas-plus\" viewBox=\"0 0 448 512\" xmlns=\"http:\/\/www.w3.org\/2000\/svg\"><path d=\"M416 208H272V64c0-17.67-14.33-32-32-32h-32c-17.67 0-32 14.33-32 32v144H32c-17.67 0-32 14.33-32 32v32c0 17.67 14.33 32 32 32h144v144c0 17.67 14.33 32 32 32h32c17.67 0 32-14.33 32-32V304h144c17.67 0 32-14.33 32-32v-32c0-17.67-14.33-32-32-32z\"><\/path><\/svg>\t\t\t\t\t\t\t\t<\/span>\n\t\t\t\t\t\t\t\t<span class=\"ec-icon-open\">\n\t\t\t\t\t\t\t\t\t<svg class=\"e-font-icon-svg e-fas-minus\" viewBox=\"0 0 448 512\" xmlns=\"http:\/\/www.w3.org\/2000\/svg\"><path d=\"M416 208H32c-17.67 0-32 14.33-32 32v32c0 17.67 14.33 32 32 32h384c17.67 0 32-14.33 32-32v-32c0-17.67-14.33-32-32-32z\"><\/path><\/svg>\t\t\t\t\t\t\t\t<\/span>\n\t\t\t\t\t\t\t<\/span>\n\t\t\t\t\t\t\n\t\t\t\t\t\t<a href=\"\">Pr\u00e9vention - Avant et pendant la vie en rue<\/a>\n\t\t\t\t\t<\/div>\n\n\t\t\t\t\t<div id=\"ec-tab-content-5691\" class=\"ec-tab-content\" data-tab=\"1\">\n\t\t\t\t\t\t<p data-start=\"87\" data-end=\"365\">Vise \u00e0 \u00e9viter l\u2019entr\u00e9e des enfants et des jeunes en situations de rue ou \u00e0 risques, \u00e0 travers la sensibilisation des familles, des communaut\u00e9s, des autorit\u00e9s et des enfants eux-m\u00eames, ainsi que des actions de pr\u00e9vention scolaire et communautaire<\/p>\t\t\t\t\t<\/div>\n\t\t\t\t<\/div>\n\t\t\t\t\t\t\t<div class=\"ec-at-item \">\n\t\t\t\t\t<div id=\"ec-tab-title-5691\" class=\"ec-tab-title\" aria-controls=\"ec-tab-content-5691\">\n\t\t\t\t\t\t\t\t\t\t\t\t\t<span class=\"ec-at-icon ec-at-icon--\">\n\t\t\t\t\t\t\t\t<span class=\"ec-icon-close\">\n\t\t\t\t\t\t\t\t\t<svg class=\"e-font-icon-svg e-fas-plus\" viewBox=\"0 0 448 512\" xmlns=\"http:\/\/www.w3.org\/2000\/svg\"><path d=\"M416 208H272V64c0-17.67-14.33-32-32-32h-32c-17.67 0-32 14.33-32 32v144H32c-17.67 0-32 14.33-32 32v32c0 17.67 14.33 32 32 32h144v144c0 17.67 14.33 32 32 32h32c17.67 0 32-14.33 32-32V304h144c17.67 0 32-14.33 32-32v-32c0-17.67-14.33-32-32-32z\"><\/path><\/svg>\t\t\t\t\t\t\t\t<\/span>\n\t\t\t\t\t\t\t\t<span class=\"ec-icon-open\">\n\t\t\t\t\t\t\t\t\t<svg class=\"e-font-icon-svg e-fas-minus\" viewBox=\"0 0 448 512\" xmlns=\"http:\/\/www.w3.org\/2000\/svg\"><path d=\"M416 208H32c-17.67 0-32 14.33-32 32v32c0 17.67 14.33 32 32 32h384c17.67 0 32-14.33 32-32v-32c0-17.67-14.33-32-32-32z\"><\/path><\/svg>\t\t\t\t\t\t\t\t<\/span>\n\t\t\t\t\t\t\t<\/span>\n\t\t\t\t\t\t\n\t\t\t\t\t\t<a href=\"\">R\u00e9duction des risques - Pendant la vie en rue<\/a>\n\t\t\t\t\t<\/div>\n\n\t\t\t\t\t<div id=\"ec-tab-content-5691\" class=\"ec-tab-content\" data-tab=\"2\">\n\t\t\t\t\t\t<p data-start=\"367\" data-end=\"553\">Ax\u00e9e sur des r\u00e9ponses imm\u00e9diates pour limiter les dangers li\u00e9s \u00e0 la rue et prot\u00e9ger les enfants d\u00e9j\u00e0 en situation de rue, notamment par le travail de rue, l\u2019acc\u00e8s \u00e0 la sant\u00e9 et \u00e0 l\u2019hygi\u00e8ne, les centres d\u2019accueil et l\u2019accompagnement psychosocial<\/p>\t\t\t\t\t<\/div>\n\t\t\t\t<\/div>\n\t\t\t\t\t\t\t<div class=\"ec-at-item \">\n\t\t\t\t\t<div id=\"ec-tab-title-5691\" class=\"ec-tab-title\" aria-controls=\"ec-tab-content-5691\">\n\t\t\t\t\t\t\t\t\t\t\t\t\t<span class=\"ec-at-icon ec-at-icon--\">\n\t\t\t\t\t\t\t\t<span class=\"ec-icon-close\">\n\t\t\t\t\t\t\t\t\t<svg class=\"e-font-icon-svg e-fas-plus\" viewBox=\"0 0 448 512\" xmlns=\"http:\/\/www.w3.org\/2000\/svg\"><path d=\"M416 208H272V64c0-17.67-14.33-32-32-32h-32c-17.67 0-32 14.33-32 32v144H32c-17.67 0-32 14.33-32 32v32c0 17.67 14.33 32 32 32h144v144c0 17.67 14.33 32 32 32h32c17.67 0 32-14.33 32-32V304h144c17.67 0 32-14.33 32-32v-32c0-17.67-14.33-32-32-32z\"><\/path><\/svg>\t\t\t\t\t\t\t\t<\/span>\n\t\t\t\t\t\t\t\t<span class=\"ec-icon-open\">\n\t\t\t\t\t\t\t\t\t<svg class=\"e-font-icon-svg e-fas-minus\" viewBox=\"0 0 448 512\" xmlns=\"http:\/\/www.w3.org\/2000\/svg\"><path d=\"M416 208H32c-17.67 0-32 14.33-32 32v32c0 17.67 14.33 32 32 32h384c17.67 0 32-14.33 32-32v-32c0-17.67-14.33-32-32-32z\"><\/path><\/svg>\t\t\t\t\t\t\t\t<\/span>\n\t\t\t\t\t\t\t<\/span>\n\t\t\t\t\t\t\n\t\t\t\t\t\t<a href=\"\">R\u00e9habilitation sociale - Apr\u00e8s la vie en rue<\/a>\n\t\t\t\t\t<\/div>\n\n\t\t\t\t\t<div id=\"ec-tab-content-5691\" class=\"ec-tab-content\" data-tab=\"3\">\n\t\t\t\t\t\t<p data-start=\"555\" data-end=\"770\">Orient\u00e9e vers la r\u00e9int\u00e9gration progressive des enfants et des jeunes au sein de la soci\u00e9t\u00e9, \u00e0 travers la r\u00e9unification familiale, l\u2019\u00e9ducation, la formation, l\u2019autonomisation des jeunes, l\u2019appui juridique, le plaidoyer et le renforcement des syst\u00e8mes nationaux de protection.<\/p>\t\t\t\t\t<\/div>\n\t\t\t\t<\/div>\n\t\t\t\t\t<\/div>\n\n\t\t\t\t\t\t<\/div>\n\t\t\t\t<\/div>\n\t\t\t\t\t<\/div>\n\t\t\t\t<\/div>\n\t\t<div class=\"elementor-element elementor-element-1a68427 e-flex e-con-boxed e-con e-parent\" data-id=\"1a68427\" data-element_type=\"container\">\n\t\t\t\t\t<div class=\"e-con-inner\">\n\t\t\t\t<div class=\"elementor-element elementor-element-ec59097 elementor-widget elementor-widget-elementor-companion-button\" data-id=\"ec59097\" data-element_type=\"widget\" data-widget_type=\"elementor-companion-button.default\">\n\t\t\t\t<div class=\"elementor-widget-container\">\n\t\t\t\t\t\t\t<div class=\"ec-button-wrapper\">\n\t\t\t<a class=\"ec-button ec-button-link is-medium\" href=\"https:\/\/cpcs.international\/index.php\/programmes-et-activites\/\"  \">\n\t\t\t\t<span class=\"ec-button-text icon-position-right\">\n\t\t\t\t\tEn savoir plus\t\t\t\t<\/span>\n\t\t\t\t<i class=\"fas fa-arrow-right\" aria-hidden=\"true\"><\/i>\n\t\t\t<\/a>\n\t\t<\/div> <!-- \/.ec-button -->\n\t\t\t\t\t\t<\/div>\n\t\t\t\t<\/div>\n\t\t\t\t<div class=\"elementor-element elementor-element-84943c0 elementor-widget-divider--view-line elementor-widget elementor-widget-divider\" data-id=\"84943c0\" data-element_type=\"widget\" data-widget_type=\"divider.default\">\n\t\t\t\t\t\t\t<div class=\"elementor-divider\">\n\t\t\t<span class=\"elementor-divider-separator\">\n\t\t\t\t\t\t<\/span>\n\t\t<\/div>\n\t\t\t\t\t\t<\/div>\n\t\t\t\t\t<\/div>\n\t\t\t\t<\/div>\n\t\t<div class=\"elementor-element elementor-element-f2530a2 e-flex e-con-boxed e-con e-parent\" data-id=\"f2530a2\" data-element_type=\"container\">\n\t\t\t\t\t<div class=\"e-con-inner\">\n\t\t\t\t<div class=\"elementor-element elementor-element-8115abb elementor-widget elementor-widget-heading\" data-id=\"8115abb\" data-element_type=\"widget\" data-widget_type=\"heading.default\">\n\t\t\t\t\t<h2 class=\"elementor-heading-title elementor-size-default\">NOTRE CONVICTION<\/h2>\t\t\t\t<\/div>\n\t\t\t\t<div class=\"elementor-element elementor-element-a70d99b elementor-widget elementor-widget-text-editor\" data-id=\"a70d99b\" data-element_type=\"widget\" data-widget_type=\"text-editor.default\">\n\t\t\t\t\t\t\t\t\t<p>Notre conviction est simple : les rues, les contextes et les risques changent d\u2019un pays \u00e0 l\u2019autre, mais la vuln\u00e9rabilit\u00e9 reste la m\u00eame. Chaque enfant, chaque jeune m\u00e9rite protection, \u00e9coute et avenir.&nbsp;<\/p><p>CPCS International poursuit son engagement pour que, partout, les enfants et les jeunes en situations de rue ou \u00e0 risques soient reconnus, respect\u00e9s, prot\u00e9g\u00e9s et accompagn\u00e9s vers une vie digne, libre et porteuse d\u2019espoir.<\/p>\t\t\t\t\t\t\t\t<\/div>\n\t\t\t\t\t<\/div>\n\t\t\t\t<\/div>\n\t\t\t\t<\/div>\n\t\t","protected":false},"excerpt":{"rendered":"<p>QUI SOMMES-NOUS ? CPCS International coordonne l\u2019Alliance CPCS, un r\u00e9seau mondial d\u2019organisations engag\u00e9es aupr\u00e8s des enfants et des jeunes en situations de rue et \u00e0 risques. Pr\u00e9sente principalement au N\u00e9pal, au Rwanda, au Burundi et en Belgique, et active ponctuellement dans d\u2019autres contextes comme l\u2019Ukraine, le Timor et la RDC, l\u2019Alliance, ainsi que CPCS International,[&hellip;]<\/p>\n","protected":false},"author":1,"featured_media":0,"parent":0,"menu_order":0,"comment_status":"closed","ping_status":"closed","template":"","meta":{"zakra_general_container_width":0,"zakra_general_content_width":0,"zakra_general_sidebar_width":0,"zakra_sticky_header":"customizer","zakra_header_main_area":true,"zakra_site_logo_width":0,"zakra_header_top_enabled":"customizer","zakra_header_top_style":"customizer","zakra_primary_menu_item_style":"customizer","zakra_page_header_text_color":"","zakra_page_header_layout":"customizer","zakra_page_title_bg":"","zakra_footer_widgets_bg_image":0,"zakra_page_title_bg_repeat":"customizer","zakra_page_title_bg_position":"customizer","zakra_page_title_bg_size":"customizer","zakra_page_title_bg_attachment":"customizer","zakra_breadcrumbs_enabled":"customizer","zakra_breadcrumbs_text_color":"","zakra_breadcrumbs_separator_color":"","zakra_breadcrumbs_link_color":"","zakra_breadcrumbs_link_hover_color":"","zakra_page_title_bg_image":0,"zakra_footer_widgets_enabled":"customizer","zakra_footer_column_layout_1_style":"customizer","zakra_footer_widgets_bg":"","zakra_footer_widgets_bg_repeat":"customizer","zakra_footer_widgets_bg_position":"customizer","zakra_footer_widgets_bg_size":"customizer","zakra_footer_widgets_bg_attachment":"customizer","zakra_footer_bar_enabled":"customizer","zakra_footer_bar_style":"customizer","zakra_sidebar_layout":"customizer","zakra_remove_content_margin":false,"zakra_sidebar":"sidebar-right","zakra_transparent_header":"customizer","zakra_logo":0,"zakra_main_header_style":"default","zakra_menu_item_color":"","zakra_menu_item_hover_color":"","zakra_menu_item_active_color":"","zakra_menu_active_style":"","zakra_page_header":true,"_monsterinsights_skip_tracking":false,"_monsterinsights_sitenote_active":false,"_monsterinsights_sitenote_note":"","_monsterinsights_sitenote_category":0,"footnotes":""},"class_list":["post-473","page","type-page","status-publish","hentry"],"_links":{"self":[{"href":"https:\/\/cpcs.international\/index.php\/wp-json\/wp\/v2\/pages\/473","targetHints":{"allow":["GET"]}}],"collection":[{"href":"https:\/\/cpcs.international\/index.php\/wp-json\/wp\/v2\/pages"}],"about":[{"href":"https:\/\/cpcs.international\/index.php\/wp-json\/wp\/v2\/types\/page"}],"author":[{"embeddable":true,"href":"https:\/\/cpcs.international\/index.php\/wp-json\/wp\/v2\/users\/1"}],"replies":[{"embeddable":true,"href":"https:\/\/cpcs.international\/index.php\/wp-json\/wp\/v2\/comments?post=473"}],"version-history":[{"count":80,"href":"https:\/\/cpcs.international\/index.php\/wp-json\/wp\/v2\/pages\/473\/revisions"}],"predecessor-version":[{"id":1801,"href":"https:\/\/cpcs.international\/index.php\/wp-json\/wp\/v2\/pages\/473\/revisions\/1801"}],"wp:attachment":[{"href":"https:\/\/cpcs.international\/index.php\/wp-json\/wp\/v2\/media?parent=473"}],"curies":[{"name":"wp","href":"https:\/\/api.w.org\/{rel}","templated":true}]}}